{"id":696,"date":"2025-09-07T17:14:11","date_gmt":"2025-09-07T15:14:11","guid":{"rendered":"https:\/\/armandodelrio.com.ar\/dongfeng\/?page_id=696"},"modified":"2025-09-18T17:39:26","modified_gmt":"2025-09-18T15:39:26","slug":"sobre-dongfeng","status":"publish","type":"page","link":"https:\/\/armandodelrio.com.ar\/dongfeng\/sobre-dongfeng\/","title":{"rendered":"Sobre Dongfeng"},"content":{"rendered":"\t\t<div data-elementor-type=\"wp-page\" data-elementor-id=\"696\" class=\"elementor elementor-696\" data-elementor-post-type=\"page\">\n\t\t\t\t<div class=\"elementor-element elementor-element-5c2138f e-flex e-con-boxed e-con e-parent\" data-id=\"5c2138f\" data-element_type=\"container\" data-e-type=\"container\" data-settings=\"{&quot;background_background&quot;:&quot;classic&quot;}\">\n\t\t\t\t\t<div class=\"e-con-inner\">\n\t\t\t\t<div class=\"elementor-element elementor-element-d1410e0 elementor-widget__width-initial elementor-widget elementor-widget-heading\" data-id=\"d1410e0\" data-element_type=\"widget\" data-e-type=\"widget\" data-widget_type=\"heading.default\">\n\t\t\t\t\t<h1 class=\"elementor-heading-title elementor-size-default\">Liderazgo global, innovaci\u00f3n para tu negocio<\/h1>\t\t\t\t<\/div>\n\t\t\t\t\t<\/div>\n\t\t\t\t<\/div>\n\t\t<div class=\"elementor-element elementor-element-ebd7a47 e-flex e-con-boxed e-con e-parent\" data-id=\"ebd7a47\" data-element_type=\"container\" data-e-type=\"container\" data-settings=\"{&quot;background_background&quot;:&quot;classic&quot;}\">\n\t\t\t\t\t<div class=\"e-con-inner\">\n\t\t\t\t<div class=\"elementor-element elementor-element-8f0ded7 elementor-widget__width-initial elementor-widget elementor-widget-video\" data-id=\"8f0ded7\" data-element_type=\"widget\" data-e-type=\"widget\" data-settings=\"{&quot;youtube_url&quot;:&quot;https:\\\/\\\/youtu.be\\\/41br713CGuc&quot;,&quot;lazy_load&quot;:&quot;yes&quot;,&quot;video_type&quot;:&quot;youtube&quot;,&quot;controls&quot;:&quot;yes&quot;}\" data-widget_type=\"video.default\">\n\t\t\t\t\t\t\t<div class=\"elementor-wrapper elementor-open-inline\">\n\t\t\t<div class=\"elementor-video\"><\/div>\t\t<\/div>\n\t\t\t\t\t\t<\/div>\n\t\t<div class=\"elementor-element elementor-element-fde5c26 e-con-full e-flex e-con e-child\" data-id=\"fde5c26\" data-element_type=\"container\" data-e-type=\"container\">\n\t\t\t\t<div class=\"elementor-element elementor-element-00aa534 elementor-widget elementor-widget-heading\" data-id=\"00aa534\" data-element_type=\"widget\" data-e-type=\"widget\" data-widget_type=\"heading.default\">\n\t\t\t\t\t<h2 class=\"elementor-heading-title elementor-size-default\">\u00bfQui\u00e9nes somos?<\/h2>\t\t\t\t<\/div>\n\t\t\t\t<div class=\"elementor-element elementor-element-8e99ede elementor-widget__width-initial elementor-widget elementor-widget-text-editor\" data-id=\"8e99ede\" data-element_type=\"widget\" data-e-type=\"widget\" data-widget_type=\"text-editor.default\">\n\t\t\t\t\t\t\t\t\t<p><span style=\"font-weight: 400;\">Fundada en 1969 y con sede en Wuhan, Dongfeng Motor Corporation se ha consolidado como uno de los mayores fabricantes\u00a0<\/span><span style=\"font-weight: 400;\">de autom\u00f3viles de China y un l\u00edder global en veh\u00edculos comerciales. Con m\u00e1s de 176.000 colaboradores, la empresa combina\u00a0<\/span><span style=\"font-weight: 400;\">innovaci\u00f3n, rendimiento y eficiencia para ofrecer soluciones integrales que abarcan veh\u00edculos de pasajeros, de carga, de nueva <\/span><span style=\"font-weight: 400;\">energ\u00eda, motores y autopartes. A lo largo de su trayectoria, Dongfeng ha vendido m\u00e1s de 55 millones de veh\u00edculos en todo el <\/span><span style=\"font-weight: 400;\">mundo, fortaleciendo su presencia internacional y reafirmando su compromiso con el desarrollo sostenible y la movilidad del\u00a0<\/span><span style=\"font-weight: 400;\">futuro.<\/span><\/p>\n<p><span style=\"font-weight: 400;\"><strong>Grupo Magna y Magma Automotive. <\/strong><\/span><span style=\"font-weight: 400;\">Con m\u00e1s de cinco d\u00e9cadas de trayectoria, el Grupo Magna se ha consolidado como uno de los principales importadores de\u00a0<\/span><span style=\"font-weight: 400;\">veh\u00edculos en Latinoam\u00e9rica, operando en m\u00e1s de 10 pa\u00edses y representando en exclusiva marcas de prestigio internacional <\/span><span style=\"font-weight: 400;\">como Hyundai, BMW, MINI, Motorrad, Kawasaki, Bajaj, DFAC y Petronas. Con sede en Rep\u00fablica Dominicana, el grupo cuenta\u00a0<\/span><span style=\"font-weight: 400;\">con un equipo de m\u00e1s de 1.100 colaboradores en la regi\u00f3n, respaldando una operaci\u00f3n s\u00f3lida y en constante crecimiento.<\/span><\/p>\n<p><span style=\"font-weight: 400;\"><strong>Magma Automotive<\/strong> es la divisi\u00f3n especializada en veh\u00edculos comerciales del Grupo Magna. Con su desembarco en Argentina,\u00a0<\/span><span style=\"font-weight: 400;\">introduce la reconocida marca Dongfeng junto a un portafolio integral de soluciones para el transporte y la log\u00edstica. Con oficinas\u00a0<\/span><span style=\"font-weight: 400;\">en Vicente L\u00f3pez, Buenos Aires, y un equipo de profesionales altamente capacitados, brinda asesoramiento permanente a su\u00a0<\/span><span style=\"font-weight: 400;\">red de concesionarios en todo el pa\u00eds, reafirmando su compromiso con la calidad y la eficiencia.<\/span><\/p>\t\t\t\t\t\t\t\t<\/div>\n\t\t\t\t<\/div>\n\t\t<div class=\"elementor-element elementor-element-ef24b25 e-con-full e-flex e-con e-child\" data-id=\"ef24b25\" data-element_type=\"container\" data-e-type=\"container\">\n\t\t<div class=\"elementor-element elementor-element-5839020 e-con-full e-flex e-con e-child\" data-id=\"5839020\" data-element_type=\"container\" data-e-type=\"container\">\n\t\t\t\t<div class=\"elementor-element elementor-element-d9eddb4 elementor-widget elementor-widget-heading\" data-id=\"d9eddb4\" data-element_type=\"widget\" data-e-type=\"widget\" data-widget_type=\"heading.default\">\n\t\t\t\t\t<h2 class=\"elementor-heading-title elementor-size-default\">Sobre el fabricante<\/h2>\t\t\t\t<\/div>\n\t\t\t\t<div class=\"elementor-element elementor-element-aa6b068 elementor-widget__width-initial elementor-widget elementor-widget-text-editor\" data-id=\"aa6b068\" data-element_type=\"widget\" data-e-type=\"widget\" data-widget_type=\"text-editor.default\">\n\t\t\t\t\t\t\t\t\t<p>Dongfeng cuenta en China con un Centro independiente de Investigaci\u00f3n y Desarrollo, enfocado en impulsar la innovaci\u00f3n en veh\u00edculos comerciales. Equipado con tecnolog\u00eda de vanguardia y un equipo de expertos, este centro desarrolla soluciones seguras, eficientes y sostenibles. Adem\u00e1s, ofrece programas de formaci\u00f3n destinados a fortalecer las habilidades de sus colaboradores y socios comerciales, reforzando as\u00ed el liderazgo de la marca en el sector de la movilidad comercial.<\/p>\t\t\t\t\t\t\t\t<\/div>\n\t\t\t\t<\/div>\n\t\t<div class=\"elementor-element elementor-element-06df665 e-con-full e-flex e-con e-child\" data-id=\"06df665\" data-element_type=\"container\" data-e-type=\"container\">\n\t\t\t\t<div class=\"elementor-element elementor-element-9b12953 elementor-widget elementor-widget-image\" data-id=\"9b12953\" data-element_type=\"widget\" data-e-type=\"widget\" data-widget_type=\"image.default\">\n\t\t\t\t\t\t\t\t\t\t\t\t\t\t\t<img fetchpriority=\"high\" decoding=\"async\" width=\"922\" height=\"499\" src=\"https:\/\/armandodelrio.com.ar\/dongfeng\/wp-content\/uploads\/2025\/09\/b0f265ef-1a57-4d06-822e-d65b779fae09.jpeg\" class=\"attachment-full size-full wp-image-725\" alt=\"\" srcset=\"https:\/\/armandodelrio.com.ar\/dongfeng\/wp-content\/uploads\/2025\/09\/b0f265ef-1a57-4d06-822e-d65b779fae09.jpeg 922w, https:\/\/armandodelrio.com.ar\/dongfeng\/wp-content\/uploads\/2025\/09\/b0f265ef-1a57-4d06-822e-d65b779fae09-300x162.jpeg 300w, https:\/\/armandodelrio.com.ar\/dongfeng\/wp-content\/uploads\/2025\/09\/b0f265ef-1a57-4d06-822e-d65b779fae09-768x416.jpeg 768w\" sizes=\"(max-width: 922px) 100vw, 922px\" \/>\t\t\t\t\t\t\t\t\t\t\t\t\t\t\t<\/div>\n\t\t\t\t<\/div>\n\t\t\t\t<\/div>\n\t\t<div class=\"elementor-element elementor-element-7b08c41 e-con-full e-flex e-con e-child\" data-id=\"7b08c41\" data-element_type=\"container\" data-e-type=\"container\">\n\t\t<div class=\"elementor-element elementor-element-e4a672c e-con-full e-flex e-con e-child\" data-id=\"e4a672c\" data-element_type=\"container\" data-e-type=\"container\">\n\t\t\t\t<div class=\"elementor-element elementor-element-1b964fa elementor-widget elementor-widget-image\" data-id=\"1b964fa\" data-element_type=\"widget\" data-e-type=\"widget\" data-widget_type=\"image.default\">\n\t\t\t\t\t\t\t\t\t\t\t\t\t\t\t<img decoding=\"async\" width=\"1920\" height=\"1080\" src=\"https:\/\/armandodelrio.com.ar\/dongfeng\/wp-content\/uploads\/2025\/09\/f6a3722f-1f7f-4066-a5d6-0289ebc20c39.jpg\" class=\"attachment-full size-full wp-image-724\" alt=\"\" srcset=\"https:\/\/armandodelrio.com.ar\/dongfeng\/wp-content\/uploads\/2025\/09\/f6a3722f-1f7f-4066-a5d6-0289ebc20c39.jpg 1920w, https:\/\/armandodelrio.com.ar\/dongfeng\/wp-content\/uploads\/2025\/09\/f6a3722f-1f7f-4066-a5d6-0289ebc20c39-300x169.jpg 300w, https:\/\/armandodelrio.com.ar\/dongfeng\/wp-content\/uploads\/2025\/09\/f6a3722f-1f7f-4066-a5d6-0289ebc20c39-1024x576.jpg 1024w, https:\/\/armandodelrio.com.ar\/dongfeng\/wp-content\/uploads\/2025\/09\/f6a3722f-1f7f-4066-a5d6-0289ebc20c39-768x432.jpg 768w, https:\/\/armandodelrio.com.ar\/dongfeng\/wp-content\/uploads\/2025\/09\/f6a3722f-1f7f-4066-a5d6-0289ebc20c39-1536x864.jpg 1536w\" sizes=\"(max-width: 1920px) 100vw, 1920px\" \/>\t\t\t\t\t\t\t\t\t\t\t\t\t\t\t<\/div>\n\t\t\t\t<\/div>\n\t\t<div class=\"elementor-element elementor-element-26b26f6 e-con-full e-flex e-con e-child\" data-id=\"26b26f6\" data-element_type=\"container\" data-e-type=\"container\">\n\t\t\t\t<div class=\"elementor-element elementor-element-b9db4f2 elementor-widget elementor-widget-heading\" data-id=\"b9db4f2\" data-element_type=\"widget\" data-e-type=\"widget\" data-widget_type=\"heading.default\">\n\t\t\t\t\t<h2 class=\"elementor-heading-title elementor-size-default\">Primer circuito de pruebas a gran escala en Asia<\/h2>\t\t\t\t<\/div>\n\t\t\t\t<div class=\"elementor-element elementor-element-4d94c30 elementor-widget__width-initial elementor-widget elementor-widget-text-editor\" data-id=\"4d94c30\" data-element_type=\"widget\" data-e-type=\"widget\" data-widget_type=\"text-editor.default\">\n\t\t\t\t\t\t\t\t\t<p>Dongfeng lidera la calidad en veh\u00edculos comerciales con el primer circuito de pruebas a gran escala de Asia, realizando m\u00e1s de 6.000 pruebas a nivel de veh\u00edculos. Entre las pruebas claves, se incluyen:<\/p><p>Evaluaci\u00f3n de componentes para garantizar la durabilidad y resistencia del eje trasero.<\/p><p>Verificaci\u00f3n de la vida \u00fatil de hasta 800.000 km en piezas esenciales.<\/p><p>Simulaci\u00f3n de uso real con recorridos de m\u00e1s de 500.000 km para asegurar un rendimiento excepcional.<\/p><p>Estas rigurosas pruebas garantizan veh\u00edculos de alto rendimiento y m\u00e1xima confiabilidad para nuestros clientes.<\/p>\t\t\t\t\t\t\t\t<\/div>\n\t\t\t\t<\/div>\n\t\t\t\t<\/div>\n\t\t<div class=\"elementor-element elementor-element-cbf49d9 e-con-full e-flex e-con e-child\" data-id=\"cbf49d9\" data-element_type=\"container\" data-e-type=\"container\">\n\t\t<div class=\"elementor-element elementor-element-a2e59fe e-con-full e-flex e-con e-child\" data-id=\"a2e59fe\" data-element_type=\"container\" data-e-type=\"container\">\n\t\t\t\t<div class=\"elementor-element elementor-element-087f3ea elementor-widget elementor-widget-heading\" data-id=\"087f3ea\" data-element_type=\"widget\" data-e-type=\"widget\" data-widget_type=\"heading.default\">\n\t\t\t\t\t<h2 class=\"elementor-heading-title elementor-size-default\">Enfoque integral de marca<\/h2>\t\t\t\t<\/div>\n\t\t\t\t<div class=\"elementor-element elementor-element-e096e08 elementor-widget__width-initial elementor-widget elementor-widget-text-editor\" data-id=\"e096e08\" data-element_type=\"widget\" data-e-type=\"widget\" data-widget_type=\"text-editor.default\">\n\t\t\t\t\t\t\t\t\t<p>Nuestro enfoque integral de respaldo asegura que cada cliente reciba soluciones completas, desde la adquisici\u00f3n hasta el mantenimiento y soporte continuo. Con tecnolog\u00eda avanzada, innovaci\u00f3n constante y un equipo altamente capacitado, garantizamos el rendimiento y la durabilidad de cada veh\u00edculo.<\/p><p>El futuro no espera. Con Dongfeng, siempre estar\u00e1s un paso adelante.<\/p>\t\t\t\t\t\t\t\t<\/div>\n\t\t\t\t<\/div>\n\t\t<div class=\"elementor-element elementor-element-045f466 e-con-full e-flex e-con e-child\" data-id=\"045f466\" data-element_type=\"container\" data-e-type=\"container\">\n\t\t\t\t<div class=\"elementor-element elementor-element-db547f5 elementor-widget elementor-widget-image\" data-id=\"db547f5\" data-element_type=\"widget\" data-e-type=\"widget\" data-widget_type=\"image.default\">\n\t\t\t\t\t\t\t\t\t\t\t\t\t\t\t<img decoding=\"async\" width=\"1280\" height=\"720\" src=\"https:\/\/armandodelrio.com.ar\/dongfeng\/wp-content\/uploads\/2025\/09\/ed6d5c63-82a2-40e8-939d-0a20374d642e.jpg\" class=\"attachment-full size-full wp-image-723\" alt=\"\" srcset=\"https:\/\/armandodelrio.com.ar\/dongfeng\/wp-content\/uploads\/2025\/09\/ed6d5c63-82a2-40e8-939d-0a20374d642e.jpg 1280w, https:\/\/armandodelrio.com.ar\/dongfeng\/wp-content\/uploads\/2025\/09\/ed6d5c63-82a2-40e8-939d-0a20374d642e-300x169.jpg 300w, https:\/\/armandodelrio.com.ar\/dongfeng\/wp-content\/uploads\/2025\/09\/ed6d5c63-82a2-40e8-939d-0a20374d642e-1024x576.jpg 1024w, https:\/\/armandodelrio.com.ar\/dongfeng\/wp-content\/uploads\/2025\/09\/ed6d5c63-82a2-40e8-939d-0a20374d642e-768x432.jpg 768w\" sizes=\"(max-width: 1280px) 100vw, 1280px\" \/>\t\t\t\t\t\t\t\t\t\t\t\t\t\t\t<\/div>\n\t\t\t\t<\/div>\n\t\t\t\t<\/div>\n\t\t\t\t\t<\/div>\n\t\t\t\t<\/div>\n\t\t\t\t<\/div>\n\t\t","protected":false},"excerpt":{"rendered":"<p>Liderazgo global, innovaci\u00f3n para tu negocio https:\/\/youtu.be\/41br713CGuc \u00bfQui\u00e9nes somos? Fundada en 1969 y con sede en Wuhan, Dongfeng Motor Corporation se ha consolidado como uno de los mayores fabricantes\u00a0de autom\u00f3viles de China y un l\u00edder global en veh\u00edculos comerciales. Con m\u00e1s de 176.000 colaboradores, la empresa combina\u00a0innovaci\u00f3n, rendimiento y eficiencia para ofrecer soluciones integrales que [&hellip;]<\/p>\n","protected":false},"author":1,"featured_media":0,"parent":0,"menu_order":0,"comment_status":"closed","ping_status":"closed","template":"elementor_header_footer","meta":{"inline_featured_image":false,"_joinchat":[],"footnotes":""},"class_list":["post-696","page","type-page","status-publish","hentry"],"_links":{"self":[{"href":"https:\/\/armandodelrio.com.ar\/dongfeng\/wp-json\/wp\/v2\/pages\/696","targetHints":{"allow":["GET"]}}],"collection":[{"href":"https:\/\/armandodelrio.com.ar\/dongfeng\/wp-json\/wp\/v2\/pages"}],"about":[{"href":"https:\/\/armandodelrio.com.ar\/dongfeng\/wp-json\/wp\/v2\/types\/page"}],"author":[{"embeddable":true,"href":"https:\/\/armandodelrio.com.ar\/dongfeng\/wp-json\/wp\/v2\/users\/1"}],"replies":[{"embeddable":true,"href":"https:\/\/armandodelrio.com.ar\/dongfeng\/wp-json\/wp\/v2\/comments?post=696"}],"version-history":[{"count":39,"href":"https:\/\/armandodelrio.com.ar\/dongfeng\/wp-json\/wp\/v2\/pages\/696\/revisions"}],"predecessor-version":[{"id":1585,"href":"https:\/\/armandodelrio.com.ar\/dongfeng\/wp-json\/wp\/v2\/pages\/696\/revisions\/1585"}],"wp:attachment":[{"href":"https:\/\/armandodelrio.com.ar\/dongfeng\/wp-json\/wp\/v2\/media?parent=696"}],"curies":[{"name":"wp","href":"https:\/\/api.w.org\/{rel}","templated":true}]}}