{"id":1334,"date":"2025-09-15T16:36:54","date_gmt":"2025-09-15T14:36:54","guid":{"rendered":"https:\/\/armandodelrio.com.ar\/dongfeng\/?page_id=1334"},"modified":"2025-09-26T14:45:19","modified_gmt":"2025-09-26T12:45:19","slug":"empresa","status":"publish","type":"page","link":"https:\/\/armandodelrio.com.ar\/dongfeng\/empresa\/","title":{"rendered":"Empresa"},"content":{"rendered":"\t\t<div data-elementor-type=\"wp-page\" data-elementor-id=\"1334\" class=\"elementor elementor-1334\" data-elementor-post-type=\"page\">\n\t\t\t\t<div class=\"elementor-element elementor-element-098ddec e-flex e-con-boxed e-con e-parent\" data-id=\"098ddec\" data-element_type=\"container\" data-e-type=\"container\" data-settings=\"{&quot;background_background&quot;:&quot;classic&quot;}\">\n\t\t\t\t\t<div class=\"e-con-inner\">\n\t\t\t\t<div class=\"elementor-element elementor-element-5c2d319 elementor-widget elementor-widget-heading\" data-id=\"5c2d319\" data-element_type=\"widget\" data-e-type=\"widget\" data-widget_type=\"heading.default\">\n\t\t\t\t\t<h1 class=\"elementor-heading-title elementor-size-default\">NUESTRA HISTORIA\n<\/h1>\t\t\t\t<\/div>\n\t\t\t\t<div class=\"elementor-element elementor-element-259a97a elementor-widget__width-initial elementor-widget elementor-widget-text-editor\" data-id=\"259a97a\" data-element_type=\"widget\" data-e-type=\"widget\" data-widget_type=\"text-editor.default\">\n\t\t\t\t\t\t\t\t\t<p><span style=\"font-weight: 400;\">La comercializaci\u00f3n de camiones en C\u00f3rdoba est\u00e1 ligada al apellido Del Rio desde hace m\u00e1s de 75 a\u00f1os.<\/span><\/p>\t\t\t\t\t\t\t\t<\/div>\n\t\t\t\t\t<\/div>\n\t\t\t\t<\/div>\n\t\t<div class=\"elementor-element elementor-element-ef46369 e-flex e-con-boxed e-con e-parent\" data-id=\"ef46369\" data-element_type=\"container\" data-e-type=\"container\" data-settings=\"{&quot;background_background&quot;:&quot;classic&quot;}\">\n\t\t\t\t\t<div class=\"e-con-inner\">\n\t\t<div class=\"elementor-element elementor-element-984e175 e-con-full e-flex e-con e-child\" data-id=\"984e175\" data-element_type=\"container\" data-e-type=\"container\">\n\t\t<div class=\"elementor-element elementor-element-f27613d e-con-full e-flex e-con e-child\" data-id=\"f27613d\" data-element_type=\"container\" data-e-type=\"container\">\n\t\t\t\t<div class=\"elementor-element elementor-element-52bde3f elementor-widget elementor-widget-text-editor\" data-id=\"52bde3f\" data-element_type=\"widget\" data-e-type=\"widget\" data-widget_type=\"text-editor.default\">\n\t\t\t\t\t\t\t\t\t<p><span style=\"font-weight: 400;\">Junto a Dongfeng Argentina, comercializado por Magma Automotive, inauguramos el primer\u00a0<\/span><span style=\"font-weight: 400;\">concesionario Dongfeng en Argentina.<\/span><\/p><p><span style=\"font-weight: 400;\">Durante el evento, que cont\u00f3 con la presencia de funcionarios de la marca, prensa local y\u00a0<\/span><span style=\"font-weight: 400;\">clientes, se destac\u00f3 la apuesta de Dongfeng por ofrecer soluciones que van desde veh\u00edculos comerciales ultralivianos, livianos, medianos y vans de carga y pasajeros. La alianza con Armando del Rio refuerza la estrategia de la marca para construir una red de representaci\u00f3n s\u00f3lida y de confianza.<\/span><\/p><p><span style=\"font-weight: 400;\">Ubicado en Av. Juan B Justo 5181 en la ciudad de C\u00f3rdoba,\u00a0 nuestro nuevo concesionario, de 1.180 m2, busca convertirse en un centro de referencia para transportistas, empresarios y profesionales del rubro que busquen renovar o ampliar su flota con productos de calidad y rendimiento comprobado.\u00a0<\/span><\/p>\t\t\t\t\t\t\t\t<\/div>\n\t\t\t\t<div class=\"elementor-element elementor-element-bcfb1f9 elementor-widget elementor-widget-text-editor\" data-id=\"bcfb1f9\" data-element_type=\"widget\" data-e-type=\"widget\" data-widget_type=\"text-editor.default\">\n\t\t\t\t\t\t\t\t\t<p><span style=\"font-weight: 400;\">El mismo, ofrece un showroom totalmente equipado y un \u00e1rea de servicios que <\/span><span style=\"font-weight: 400;\">incluye taller, dep\u00f3sito de repuestos y espacios dedicados a venta, posventa y capacitaci\u00f3n.<\/span><\/p><p><span style=\"font-weight: 400;\">All\u00ed, los clientes podr\u00e1n acceder a todo el portafolio de Dongfeng y al soporte t\u00e9cnico<\/span><span style=\"font-weight: 400;\">necesario para cada unidad.<\/span><\/p><p><span style=\"font-weight: 400;\">\u00a0\u201c<strong>Es un orgullo dar este paso junto a un referente como Armando del R\u00edo. Su experiencia y compromiso son clave para transmitir la solidez de Dongfeng en una plaza\u00a0 estrat\u00e9gica como C\u00f3rdoba<\/strong>\u201d, Federico Bangerter, Gerente General del Cono Sur de Magna.<\/span><\/p>\t\t\t\t\t\t\t\t<\/div>\n\t\t\t\t<\/div>\n\t\t<div class=\"elementor-element elementor-element-6cb7b62 e-con-full e-flex e-con e-child\" data-id=\"6cb7b62\" data-element_type=\"container\" data-e-type=\"container\">\n\t\t\t\t<div class=\"elementor-element elementor-element-2636e14 elementor-widget elementor-widget-image\" data-id=\"2636e14\" data-element_type=\"widget\" data-e-type=\"widget\" data-widget_type=\"image.default\">\n\t\t\t\t\t\t\t\t\t\t\t\t\t\t\t<img fetchpriority=\"high\" decoding=\"async\" width=\"800\" height=\"534\" src=\"https:\/\/armandodelrio.com.ar\/dongfeng\/wp-content\/uploads\/2025\/09\/af_lopez-6837-1024x683.jpg\" class=\"attachment-large size-large wp-image-1337\" alt=\"\" srcset=\"https:\/\/armandodelrio.com.ar\/dongfeng\/wp-content\/uploads\/2025\/09\/af_lopez-6837-1024x683.jpg 1024w, https:\/\/armandodelrio.com.ar\/dongfeng\/wp-content\/uploads\/2025\/09\/af_lopez-6837-300x200.jpg 300w, https:\/\/armandodelrio.com.ar\/dongfeng\/wp-content\/uploads\/2025\/09\/af_lopez-6837-768x512.jpg 768w, https:\/\/armandodelrio.com.ar\/dongfeng\/wp-content\/uploads\/2025\/09\/af_lopez-6837-1536x1024.jpg 1536w, https:\/\/armandodelrio.com.ar\/dongfeng\/wp-content\/uploads\/2025\/09\/af_lopez-6837-2048x1365.jpg 2048w\" sizes=\"(max-width: 800px) 100vw, 800px\" \/>\t\t\t\t\t\t\t\t\t\t\t\t\t\t\t<\/div>\n\t\t\t\t<div class=\"elementor-element elementor-element-79b8d32 elementor-widget elementor-widget-image\" data-id=\"79b8d32\" data-element_type=\"widget\" data-e-type=\"widget\" data-widget_type=\"image.default\">\n\t\t\t\t\t\t\t\t\t\t\t\t\t\t\t<img decoding=\"async\" width=\"800\" height=\"534\" src=\"https:\/\/armandodelrio.com.ar\/dongfeng\/wp-content\/uploads\/2025\/09\/af_lopez-6828-1024x683.jpg\" class=\"attachment-large size-large wp-image-1338\" alt=\"\" srcset=\"https:\/\/armandodelrio.com.ar\/dongfeng\/wp-content\/uploads\/2025\/09\/af_lopez-6828-1024x683.jpg 1024w, https:\/\/armandodelrio.com.ar\/dongfeng\/wp-content\/uploads\/2025\/09\/af_lopez-6828-300x200.jpg 300w, https:\/\/armandodelrio.com.ar\/dongfeng\/wp-content\/uploads\/2025\/09\/af_lopez-6828-768x512.jpg 768w, https:\/\/armandodelrio.com.ar\/dongfeng\/wp-content\/uploads\/2025\/09\/af_lopez-6828-1536x1024.jpg 1536w, https:\/\/armandodelrio.com.ar\/dongfeng\/wp-content\/uploads\/2025\/09\/af_lopez-6828-2048x1365.jpg 2048w\" sizes=\"(max-width: 800px) 100vw, 800px\" \/>\t\t\t\t\t\t\t\t\t\t\t\t\t\t\t<\/div>\n\t\t\t\t<\/div>\n\t\t\t\t<\/div>\n\t\t\t\t\t<\/div>\n\t\t\t\t<\/div>\n\t\t<div class=\"elementor-element elementor-element-47d0613 e-flex e-con-boxed e-con e-parent\" data-id=\"47d0613\" data-element_type=\"container\" data-e-type=\"container\" data-settings=\"{&quot;background_background&quot;:&quot;classic&quot;}\">\n\t\t\t\t\t<div class=\"e-con-inner\">\n\t\t<div class=\"elementor-element elementor-element-65881e2 e-con-full e-flex e-con e-child\" data-id=\"65881e2\" data-element_type=\"container\" data-e-type=\"container\">\n\t\t<div class=\"elementor-element elementor-element-906d25d e-con-full e-flex e-con e-child\" data-id=\"906d25d\" data-element_type=\"container\" data-e-type=\"container\">\n\t\t\t\t<div class=\"elementor-element elementor-element-c22c25e elementor-widget elementor-widget-image\" data-id=\"c22c25e\" data-element_type=\"widget\" data-e-type=\"widget\" data-widget_type=\"image.default\">\n\t\t\t\t\t\t\t\t\t\t\t\t\t\t\t<img decoding=\"async\" width=\"800\" height=\"534\" src=\"https:\/\/armandodelrio.com.ar\/dongfeng\/wp-content\/uploads\/2025\/09\/af_lopez-6959-1024x683.jpg\" class=\"attachment-large size-large wp-image-1343\" alt=\"\" srcset=\"https:\/\/armandodelrio.com.ar\/dongfeng\/wp-content\/uploads\/2025\/09\/af_lopez-6959-1024x683.jpg 1024w, https:\/\/armandodelrio.com.ar\/dongfeng\/wp-content\/uploads\/2025\/09\/af_lopez-6959-300x200.jpg 300w, https:\/\/armandodelrio.com.ar\/dongfeng\/wp-content\/uploads\/2025\/09\/af_lopez-6959-768x512.jpg 768w, https:\/\/armandodelrio.com.ar\/dongfeng\/wp-content\/uploads\/2025\/09\/af_lopez-6959-1536x1024.jpg 1536w, https:\/\/armandodelrio.com.ar\/dongfeng\/wp-content\/uploads\/2025\/09\/af_lopez-6959-2048x1365.jpg 2048w\" sizes=\"(max-width: 800px) 100vw, 800px\" \/>\t\t\t\t\t\t\t\t\t\t\t\t\t\t\t<\/div>\n\t\t\t\t<div class=\"elementor-element elementor-element-73fbf7a elementor-widget elementor-widget-image\" data-id=\"73fbf7a\" data-element_type=\"widget\" data-e-type=\"widget\" data-widget_type=\"image.default\">\n\t\t\t\t\t\t\t\t\t\t\t\t\t\t\t<img loading=\"lazy\" decoding=\"async\" width=\"800\" height=\"534\" src=\"https:\/\/armandodelrio.com.ar\/dongfeng\/wp-content\/uploads\/2025\/09\/af_lopez-6837-1-1024x683.jpg\" class=\"attachment-large size-large wp-image-1344\" alt=\"\" srcset=\"https:\/\/armandodelrio.com.ar\/dongfeng\/wp-content\/uploads\/2025\/09\/af_lopez-6837-1-1024x683.jpg 1024w, https:\/\/armandodelrio.com.ar\/dongfeng\/wp-content\/uploads\/2025\/09\/af_lopez-6837-1-300x200.jpg 300w, https:\/\/armandodelrio.com.ar\/dongfeng\/wp-content\/uploads\/2025\/09\/af_lopez-6837-1-768x512.jpg 768w, https:\/\/armandodelrio.com.ar\/dongfeng\/wp-content\/uploads\/2025\/09\/af_lopez-6837-1-1536x1024.jpg 1536w, https:\/\/armandodelrio.com.ar\/dongfeng\/wp-content\/uploads\/2025\/09\/af_lopez-6837-1-2048x1365.jpg 2048w\" sizes=\"(max-width: 800px) 100vw, 800px\" \/>\t\t\t\t\t\t\t\t\t\t\t\t\t\t\t<\/div>\n\t\t\t\t<\/div>\n\t\t<div class=\"elementor-element elementor-element-0646fc1 e-con-full e-flex e-con e-child\" data-id=\"0646fc1\" data-element_type=\"container\" data-e-type=\"container\" data-settings=\"{&quot;background_background&quot;:&quot;classic&quot;}\">\n\t\t\t\t<div class=\"elementor-element elementor-element-39de428 elementor-widget elementor-widget-text-editor\" data-id=\"39de428\" data-element_type=\"widget\" data-e-type=\"widget\" data-widget_type=\"text-editor.default\">\n\t\t\t\t\t\t\t\t\t<p><em><span style=\"font-weight: 400;\">\u201cNuestro compromiso es que cada usuario de la marca Dongfeng encuentre en nosotros un <\/span><span style=\"font-weight: 400;\">aliado estrat\u00e9gico. Ofrecemos veh\u00edculos respaldados por una propuesta de valor, para\u00a0<\/span><span style=\"font-weight: 400;\">optimizar las operaciones de transporte y favorecer el crecimiento de los negocios.\u00a0 <\/span><span style=\"font-weight: 400;\">Esta apertura marca un nuevo cap\u00edtulo para nosotros, en el que reafirmamos nuestra vocaci\u00f3n de servicio y compromiso con la excelencia. Buscamos ofrecer soluciones de calidad con el objetivo de agregar valor y jerarquizar la experiencia del cliente con la marca.\u201d<\/span><\/em><\/p><p><strong>Armando del Rio, titular del concesionario.<\/strong><\/p>\t\t\t\t\t\t\t\t<\/div>\n\t\t\t\t<\/div>\n\t\t<div class=\"elementor-element elementor-element-9520d50 e-con-full e-flex e-con e-child\" data-id=\"9520d50\" data-element_type=\"container\" data-e-type=\"container\" data-settings=\"{&quot;background_background&quot;:&quot;classic&quot;}\">\n\t\t\t\t<div class=\"elementor-element elementor-element-ffadb0a elementor-widget elementor-widget-text-editor\" data-id=\"ffadb0a\" data-element_type=\"widget\" data-e-type=\"widget\" data-widget_type=\"text-editor.default\">\n\t\t\t\t\t\t\t\t\t<p><span style=\"font-weight: 400;\"><em>\u00a0\u201cInaugurar este primer concesionario con un socio de tanta trayectoria demuestra que vamos en el camino correcto. Buscamos estar cerca del cliente, ofreciendo respaldo comercial y un servicio integral de posventa\u201d<\/em>.<\/span><\/p><p><strong>Marcelo Mauro, Country Manager de Dongfeng Argentina<\/strong><\/p><p><span style=\"font-weight: 400;\">Con esta apertura, Dongfeng y el Grupo Magna reafirman su compromiso con el desarrollo\u00a0<\/span><span style=\"font-weight: 400;\">del mercado argentino, apostando a una red de concesionarios con trayectoria y conocimiento local que acerquen la innovaci\u00f3n y tecnolog\u00eda de la marca a todo el pa\u00eds.<\/span><\/p>\t\t\t\t\t\t\t\t<\/div>\n\t\t\t\t<\/div>\n\t\t\t\t<\/div>\n\t\t\t\t\t<\/div>\n\t\t\t\t<\/div>\n\t\t<div class=\"elementor-element elementor-element-d4bebf2 e-flex e-con-boxed e-con e-parent\" data-id=\"d4bebf2\" data-element_type=\"container\" data-e-type=\"container\" data-settings=\"{&quot;background_background&quot;:&quot;classic&quot;}\">\n\t\t\t\t\t<div class=\"e-con-inner\">\n\t\t<div class=\"elementor-element elementor-element-e686668 e-con-full e-flex e-con e-child\" data-id=\"e686668\" data-element_type=\"container\" data-e-type=\"container\">\n\t\t<div class=\"elementor-element elementor-element-38a64ac e-con-full e-flex e-con e-child\" data-id=\"38a64ac\" data-element_type=\"container\" data-e-type=\"container\">\n\t\t\t\t<div class=\"elementor-element elementor-element-163a9c7 elementor-widget elementor-widget-timeline-widget-addon\" data-id=\"163a9c7\" data-element_type=\"widget\" data-e-type=\"widget\" data-widget_type=\"timeline-widget-addon.default\">\n\t\t\t\t<div class=\"elementor-widget-container\">\n\t\t\t\t\t<!-- ========= Timeline Widget Addon For Elementor 1.6.12 ========= -->\n<div id=\"twae-wrapper-163a9c7\" class=\"twae-vertical twae-wrapper  twae-both-sided\">   \n    <div class=\"twae-start\"><\/div>    \n    <div id=\"twea-timeline-163a9c7\" class=\"twae-timeline\" ><!-- Start of Story Repeater Content --><div id=\"story-64deb55\" class=\"twae-story twae-repeater-item twae-story-right twae-story-no-icon\"><!-- Story Label --><div class=\"twae-labels\"><div class=\"twae-label-big\">1948<\/div><\/div><!-- Story Icon --><div class=\"twae-icon\"><i aria-hidden=\"true\" class=\"far fa-clock\"><\/i><\/div><!-- Story Arrow --><div class=\"twae-arrow\"><\/div><!-- Start of Story Content --><div class=\"twae-content\"><!-- Story Title --><div class=\"twae-title\">Rafael Del Rio inicia la actividad de venta de camiones en C\u00f3rdoba<\/div><\/div><\/div><!-- Start of Story Repeater Content --><div id=\"story-daeb346\" class=\"twae-story twae-repeater-item twae-story-left twae-story-no-icon\"><!-- Story Label --><div class=\"twae-labels\"><div class=\"twae-label-big\">1981<\/div><\/div><!-- Story Icon --><div class=\"twae-icon\"><i aria-hidden=\"true\" class=\"far fa-clock\"><\/i><\/div><!-- Story Arrow --><div class=\"twae-arrow\"><\/div><!-- Start of Story Content --><div class=\"twae-content\"><!-- Story Title --><div class=\"twae-title\">Fundaci\u00f3n Armando del Rio S.A. - Siendo La Marca del Cami\u00f3n usado e incorporando la venta multimarca de 0km<\/div><\/div><\/div><!-- Start of Story Repeater Content --><div id=\"story-2ddaedf\" class=\"twae-story twae-repeater-item twae-story-right twae-story-no-icon\"><!-- Story Label --><div class=\"twae-labels\"><div class=\"twae-label-big\">1996<\/div><\/div><!-- Story Icon --><div class=\"twae-icon\"><i aria-hidden=\"true\" class=\"far fa-clock\"><\/i><\/div><!-- Story Arrow --><div class=\"twae-arrow\"><\/div><!-- Start of Story Content --><div class=\"twae-content\"><!-- Story Title --><div class=\"twae-title\">Apertura de Concesionario oficial Ford camiones C\u00f3rdoba<\/div><\/div><\/div><!-- Start of Story Repeater Content --><div id=\"story-fd85132\" class=\"twae-story twae-repeater-item twae-story-left twae-story-no-icon\"><!-- Story Label --><div class=\"twae-labels\"><div class=\"twae-label-big\">2019<\/div><\/div><!-- Story Icon --><div class=\"twae-icon\"><i aria-hidden=\"true\" class=\"far fa-clock\"><\/i><\/div><!-- Story Arrow --><div class=\"twae-arrow\"><\/div><!-- Start of Story Content --><div class=\"twae-content\"><!-- Story Title --><div class=\"twae-title\">Apertura de Concesionario oficial Isuzu C\u00f3rdoba<\/div><\/div><\/div><!-- Start of Story Repeater Content --><div id=\"story-c374dbd\" class=\"twae-story twae-repeater-item twae-story-right twae-story-no-icon\"><!-- Story Label --><div class=\"twae-labels\"><div class=\"twae-label-big\">2025<\/div><\/div><!-- Story Icon --><div class=\"twae-icon\"><i aria-hidden=\"true\" class=\"far fa-clock\"><\/i><\/div><!-- Story Arrow --><div class=\"twae-arrow\"><\/div><!-- Start of Story Content --><div class=\"twae-content\"><!-- Story Title --><div class=\"twae-title\">Apertura de Concesionario oficial Dongfeng<\/div><\/div><\/div><\/div>\n    <div class=\"twae-end\"><\/div>\n    <\/div><style type=\"text\/css\">@media (max-width: 1024px){ .twae-wrapper{--tw-ybx-size: 80px !important;}}@media (max-width: 767px){ .twae-wrapper{--tw-ybx-size: 80px !important}}<\/style>\t\t\t\t<\/div>\n\t\t\t\t<\/div>\n\t\t\t\t<\/div>\n\t\t\t\t<\/div>\n\t\t\t\t\t<\/div>\n\t\t\t\t<\/div>\n\t\t<div class=\"elementor-element elementor-element-9c8002c e-flex e-con-boxed e-con e-parent\" data-id=\"9c8002c\" data-element_type=\"container\" data-e-type=\"container\" data-settings=\"{&quot;background_background&quot;:&quot;classic&quot;}\">\n\t\t\t\t\t<div class=\"e-con-inner\">\n\t\t<div class=\"elementor-element elementor-element-445bdbf e-con-full e-flex e-con e-child\" data-id=\"445bdbf\" data-element_type=\"container\" data-e-type=\"container\">\n\t\t\t\t<div class=\"elementor-element elementor-element-e3ef29f elementor-widget elementor-widget-video\" data-id=\"e3ef29f\" data-element_type=\"widget\" data-e-type=\"widget\" data-settings=\"{&quot;youtube_url&quot;:&quot;https:\\\/\\\/www.youtube.com\\\/watch?v=WwMJQcRR9k8&amp;ab_channel=Economix&quot;,&quot;video_type&quot;:&quot;youtube&quot;,&quot;controls&quot;:&quot;yes&quot;}\" data-widget_type=\"video.default\">\n\t\t\t\t\t\t\t<div class=\"elementor-wrapper elementor-open-inline\">\n\t\t\t<div class=\"elementor-video\"><\/div>\t\t<\/div>\n\t\t\t\t\t\t<\/div>\n\t\t\t\t<\/div>\n\t\t\t\t\t<\/div>\n\t\t\t\t<\/div>\n\t\t\t\t<\/div>\n\t\t","protected":false},"excerpt":{"rendered":"<p>NUESTRA HISTORIA La comercializaci\u00f3n de camiones en C\u00f3rdoba est\u00e1 ligada al apellido Del Rio desde hace m\u00e1s de 75 a\u00f1os. Junto a Dongfeng Argentina, comercializado por Magma Automotive, inauguramos el primer\u00a0concesionario Dongfeng en Argentina. Durante el evento, que cont\u00f3 con la presencia de funcionarios de la marca, prensa local y\u00a0clientes, se destac\u00f3 la apuesta de [&hellip;]<\/p>\n","protected":false},"author":2,"featured_media":0,"parent":0,"menu_order":0,"comment_status":"closed","ping_status":"closed","template":"elementor_header_footer","meta":{"inline_featured_image":false,"_joinchat":[],"footnotes":""},"class_list":["post-1334","page","type-page","status-publish","hentry"],"_links":{"self":[{"href":"https:\/\/armandodelrio.com.ar\/dongfeng\/wp-json\/wp\/v2\/pages\/1334","targetHints":{"allow":["GET"]}}],"collection":[{"href":"https:\/\/armandodelrio.com.ar\/dongfeng\/wp-json\/wp\/v2\/pages"}],"about":[{"href":"https:\/\/armandodelrio.com.ar\/dongfeng\/wp-json\/wp\/v2\/types\/page"}],"author":[{"embeddable":true,"href":"https:\/\/armandodelrio.com.ar\/dongfeng\/wp-json\/wp\/v2\/users\/2"}],"replies":[{"embeddable":true,"href":"https:\/\/armandodelrio.com.ar\/dongfeng\/wp-json\/wp\/v2\/comments?post=1334"}],"version-history":[{"count":31,"href":"https:\/\/armandodelrio.com.ar\/dongfeng\/wp-json\/wp\/v2\/pages\/1334\/revisions"}],"predecessor-version":[{"id":1611,"href":"https:\/\/armandodelrio.com.ar\/dongfeng\/wp-json\/wp\/v2\/pages\/1334\/revisions\/1611"}],"wp:attachment":[{"href":"https:\/\/armandodelrio.com.ar\/dongfeng\/wp-json\/wp\/v2\/media?parent=1334"}],"curies":[{"name":"wp","href":"https:\/\/api.w.org\/{rel}","templated":true}]}}